{"id":9,"date":"2008-07-15T20:24:24","date_gmt":"2008-07-15T18:24:24","guid":{"rendered":"http:\/\/www.leisoletremiti.it\/?page_id=9"},"modified":"2023-07-07T13:22:06","modified_gmt":"2023-07-07T11:22:06","slug":"hotel-isole-tremiti","status":"publish","type":"page","link":"https:\/\/www.leisoletremiti.it\/index.php\/hotel-isole-tremiti","title":{"rendered":"Hotel alle Isole Tremiti"},"content":{"rendered":"\n<p>Cercare un <strong>albergo<\/strong> per le proprie vacanze, anche nell\u2019era di internet, pu\u00f2 rivelarsi un\u2019impresa non proprio facile: i <strong>motori di ricerca<\/strong> vanno prendendo sempre pi\u00f9 il posto delle guide tradizionali ma, dato il gran numero di siti dedicati al turismo e le tante strutture alberghiere presenti nelle varie localit\u00e0, spesso ci si ritrova sommersi dalle informazioni senza riuscire a decidere in tempi brevi. E la capacit\u00e0 di scegliere, organizzarsi e ovviamente prenotare tempestivamente \u00e8 una valida premessa per risparmiare qualcosa. In questa sezione cercheremo di darvi qualche consiglio e qualche indicazione generale.<\/p>\n\n\n\n<figure class=\"wp-block-image size-full\"><a href=\"https:\/\/www.leisoletremiti.it\/wp-content\/uploads\/2023\/07\/panoramia-da-san-domino-tremiti.jpg\"><img loading=\"lazy\" decoding=\"async\" width=\"800\" height=\"600\" src=\"https:\/\/www.leisoletremiti.it\/wp-content\/uploads\/2023\/07\/panoramia-da-san-domino-tremiti.jpg\" alt=\"Panorama dall'isola di San Nicola\" class=\"wp-image-530\" srcset=\"https:\/\/www.leisoletremiti.it\/wp-content\/uploads\/2023\/07\/panoramia-da-san-domino-tremiti.jpg 800w, https:\/\/www.leisoletremiti.it\/wp-content\/uploads\/2023\/07\/panoramia-da-san-domino-tremiti-300x225.jpg 300w, https:\/\/www.leisoletremiti.it\/wp-content\/uploads\/2023\/07\/panoramia-da-san-domino-tremiti-768x576.jpg 768w, https:\/\/www.leisoletremiti.it\/wp-content\/uploads\/2023\/07\/panoramia-da-san-domino-tremiti-624x468.jpg 624w\" sizes=\"auto, (max-width: 800px) 100vw, 800px\" \/><\/a><\/figure>\n\n\n\n<p>Le <strong>strutture ricettive<\/strong> alle Isole Tremiti sono una trentina, concentrate nella stragrande maggioranza sull\u2019Isola di <strong>San Domino<\/strong>.<\/p>\n\n\n\n<p>Molte sono <strong>abitazioni<\/strong> restaurate e adibite a <strong>pensioni<\/strong>: il numero di <strong>camere<\/strong> non \u00e8 elevato ma <strong>l\u2019atmosfera<\/strong> che vi si respira \u00e8 <strong>familiare<\/strong> e particolarmente <strong>accogliente<\/strong>. Non di rado le famiglie albergatrici offrono ai loro ospiti <strong>piatti e prodotti tipici<\/strong> della zona. Vi sono poi gli <strong>hotel<\/strong> pi\u00f9 grandi con degli standard qualitativi elevati che per\u00f2 inevitabilmente fanno perdere le caratteristiche tipiche dell\u2019accoglienza locale: ci\u00f2 \u00e8 per\u00f2 bilanciato da confort di vario genere, non ultimo il <strong>ristorante<\/strong> che in molti esercizi \u00e8 annesso alla struttura e offre <strong>cucina<\/strong> <strong>nazionale<\/strong> ed <strong>internazionale<\/strong> di grande rilievo. Tra quelli classificati come \u201cHotel\u201d sulle Isole Tremiti la maggior parte si colloca nella categoria intermedia di \u201c<strong>tre stelle<\/strong>\u201d. In realt\u00e0 possono esservi differenze anche molto rilevanti tra un albergo e l\u2019altro pur appartenendo alla stessa classificazione: vale quindi la pena informarsi sulle <strong>tariffe<\/strong> (l\u2019aspetto che varia nella maggior parte dei casi), sui <strong>servizi<\/strong> (piscina, servizio in spiaggia obbligatorio o meno, ristorazione, navetta\u2026) e sul <strong>regolamento<\/strong> (specie se avete necessit\u00e0 di aggiungere un letto o una culla oppure nel caso in cui vogliate portare con voi i vostri animali domestici).<\/p>\n\n\n\n<p>Elenco Hotel ed Alberghi alle Isole Tremiti<\/p>\n\n\n\n<h2 class=\"wp-block-heading\"><span style=\"color: #000080;\"><strong>Cerca un Hotel alle Isole tremiti Clicca Qui <\/strong><\/span><\/h2>\n\n\n\n<div>\n<p class=\"MsoNormal\"><strong>&#8211; Hotel Eden<\/strong><br \/>Isola San Domino &#8211; Isole Tremiti (FG)<\/p>\n<\/div>\n\n\n\n<div>\n<p class=\"MsoNormal\">&#8211; <strong>Hotel Kirie<\/strong><br \/>Isola San Domino &#8211; Isole Tremiti (FG)<\/p>\n<\/div>\n\n\n\n<div><strong>&#8211; Hotel Paradiso<\/strong><br \/>Isola San Domino &#8211; Isole Tremiti (FG)&nbsp;\n<p>&nbsp;<\/p>\n<div>&nbsp;<\/div>\n<p>&nbsp;<\/p>\n<div><strong>&#8211; Hotel Gabbiano<\/strong><br \/>Isola San Domino &#8211; Isole Tremiti (FG)&nbsp;\n<p>&nbsp;<\/p>\n<div>&nbsp;<\/div>\n<p>&nbsp;<\/p>\n<div><strong>&#8211; Hotel San Domino<\/strong><br \/>Isola San Domino &#8211; Isole Tremiti (FG)&nbsp;\n<p>&nbsp;<\/p>\n<div>&nbsp;<\/div>\n<p>&nbsp;<\/p>\n<div><strong>&#8211; Hotel Villa Olimpa<\/strong><br \/>Isola San Domino &#8211; Isole Tremiti (FG)&nbsp;\n<p>&nbsp;<\/p>\n<div>&nbsp;<\/div>\n<p>&nbsp;<\/p>\n<div><strong>&#8211; Hotel Waykiki<\/strong><br \/>Isola San Domino &#8211; Isole Tremiti (FG)&nbsp;\n<p>&nbsp;<\/p>\n<div>&nbsp;<\/div>\n<p>&nbsp;<\/p>\n<div><strong>&#8211; Hotel La Vela<\/strong><br \/>Isola San Domino &#8211; Isole Tremiti (FG)&nbsp;\n<p>&nbsp;<\/p>\n<div>&nbsp;<\/div>\n<p>&nbsp;<\/p>\n<div><strong>&#8211; Hotel La Bussola<\/strong><br \/>Isola San Domino &#8211; Isole Tremiti (FG)&nbsp;\n<p>&nbsp;<\/p>\n<div>&nbsp;<\/div>\n<p>&nbsp;<\/p>\n<div><strong>&#8211; Hotel Le Viole<\/strong><br \/>Isola San Domino &#8211; Isole Tremiti (FG)&nbsp;\n<p>&nbsp;<\/p>\n<div>&nbsp;<\/div>\n<p>&nbsp;<\/p>\n<p class=\"MsoNormal\">Probabilmente, cercando \u201cIsole Tremiti\u201d, vi imbatterete in un numero anche considerevolmente maggiore di strutture, questo perch\u00e9 in diversi casi le <strong>localit\u00e0 portuali<\/strong> con collegamenti alle Tremiti sono esse stesse a vocazione turistica e tendono giustamente a sottolineare la possibilit\u00e0 di raggiungere le Isole in poco tempo: <strong>tale soluzione non sembra offrire un reale risparmio<\/strong> e consigliamo di considerare con attenzione oltre ai costi degli spostamenti anche lo stress che ne conseguirebbe.<\/p>\n<\/div>\n<\/div>\n<\/div>\n<\/div>\n<\/div>\n<\/div>\n<\/div>\n<\/div>\n","protected":false},"excerpt":{"rendered":"<p>Cercare un albergo per le proprie vacanze, anche nell\u2019era di internet, pu\u00f2 rivelarsi un\u2019impresa non proprio facile: i motori di ricerca vanno prendendo sempre pi\u00f9 il posto delle guide tradizionali ma, dato il gran numero di siti dedicati al turismo e le tante strutture alberghiere presenti nelle varie localit\u00e0, spesso ci si ritrova sommersi dalle [&hellip;]<\/p>\n","protected":false},"author":2,"featured_media":0,"parent":0,"menu_order":5,"comment_status":"open","ping_status":"closed","template":"","meta":{"footnotes":""},"class_list":["post-9","page","type-page","status-publish","hentry"],"aioseo_notices":[],"_links":{"self":[{"href":"https:\/\/www.leisoletremiti.it\/index.php\/wp-json\/wp\/v2\/pages\/9","targetHints":{"allow":["GET"]}}],"collection":[{"href":"https:\/\/www.leisoletremiti.it\/index.php\/wp-json\/wp\/v2\/pages"}],"about":[{"href":"https:\/\/www.leisoletremiti.it\/index.php\/wp-json\/wp\/v2\/types\/page"}],"author":[{"embeddable":true,"href":"https:\/\/www.leisoletremiti.it\/index.php\/wp-json\/wp\/v2\/users\/2"}],"replies":[{"embeddable":true,"href":"https:\/\/www.leisoletremiti.it\/index.php\/wp-json\/wp\/v2\/comments?post=9"}],"version-history":[{"count":1,"href":"https:\/\/www.leisoletremiti.it\/index.php\/wp-json\/wp\/v2\/pages\/9\/revisions"}],"predecessor-version":[{"id":569,"href":"https:\/\/www.leisoletremiti.it\/index.php\/wp-json\/wp\/v2\/pages\/9\/revisions\/569"}],"wp:attachment":[{"href":"https:\/\/www.leisoletremiti.it\/index.php\/wp-json\/wp\/v2\/media?parent=9"}],"curies":[{"name":"wp","href":"https:\/\/api.w.org\/{rel}","templated":true}]}}